{"id":84,"date":"2022-08-04T12:46:40","date_gmt":"2022-08-04T11:46:40","guid":{"rendered":"https:\/\/www.iniciativas3d.com\/tienda-online\/?post_type=product&#038;p=84"},"modified":"2022-08-04T12:56:34","modified_gmt":"2022-08-04T11:56:34","slug":"comprar-libro-de-impresion-3d-segunda-edicion-al-mejor-precio","status":"publish","type":"product","link":"https:\/\/www.iniciativas3d.com\/tienda-online\/product\/comprar-libro-de-impresion-3d-segunda-edicion-al-mejor-precio\/","title":{"rendered":"Comprar libro de Impresi\u00f3n 3D 2\u00aa Ed. al mejor precio"},"content":{"rendered":"<ul class=\"a-unordered-list a-nostyle a-vertical a-spacing-none detail-bullet-list\">\n<li><span class=\"a-list-item\"><span class=\"a-text-bold\">Editorial \u200f : \u200e\u00a0<\/span>Marcombo; N.\u00ba 1 edici\u00f3n (6 febrero 2020)<\/span><\/li>\n<li><span class=\"a-list-item\"><span class=\"a-text-bold\">Idioma \u200f : \u200e\u00a0<\/span>Espa\u00f1ol<\/span><\/li>\n<li><span class=\"a-list-item\"><span class=\"a-text-bold\">Tapa blanda \u200f : \u200e\u00a0<\/span>384 p\u00e1ginas<\/span><\/li>\n<li><span class=\"a-list-item\"><span class=\"a-text-bold\">ISBN-10 \u200f : \u200e\u00a0<\/span>8426727123<\/span><\/li>\n<li><span class=\"a-list-item\"><span class=\"a-text-bold\">ISBN-13 \u200f : \u200e\u00a0<\/span>978-8426727121<\/span><\/li>\n<li><span class=\"a-list-item\"><span class=\"a-text-bold\">Peso del producto \u200f : \u200e\u00a0<\/span>860 g<\/span><\/li>\n<li><span class=\"a-list-item\"><span class=\"a-text-bold\">Dimensiones \u200f : \u200e\u00a0<\/span>19.5 x 1 x 24.5 cm<\/span><\/li>\n<\/ul>\n","protected":false},"excerpt":{"rendered":"<h1 id=\"title\" class=\"a-spacing-none a-text-normal\"><span id=\"productTitle\" class=\"a-size-extra-large\">Impresi\u00f3n 3D 2\u00aaEd.\u00a0<\/span><span id=\"productSubtitle\" class=\"a-size-large a-color-secondary\">Tapa blanda<\/span><\/h1>\n<p>Si quiere iniciarse y conocer todos los secretos de la impresi\u00f3n 3D de forma r\u00e1pida, f\u00e1cil y divertida, este libro ser\u00e1 su aliado. Actualizado con m\u00e1s de 600 im\u00e1genes a color, es un manual pr\u00e1ctico, muy completo, que explica qu\u00e9 es la impresi\u00f3n 3D y repasa el estado del arte actual. Describe todas las etapas, desde el dise\u00f1o hasta la impresi\u00f3n de un modelo 3D, con herramientas gratuitas freeware. Parte de la primera fase, en la que se obtiene un modelo CAD 3D virtual, ya sea a partir de su dise\u00f1o asistido por ordenador, escaneado o por la reconstrucci\u00f3n tridimensional de im\u00e1genes m\u00e9dicas (DICOM); sigue con el an\u00e1lisis y verificaci\u00f3n de malla; y finaliza con el rebanado (slicing) necesario que genera el lenguaje de programaci\u00f3n ISO (G-Codes) interpretado por las impresoras. Incluye consejos de dise\u00f1o e impresi\u00f3n, impresi\u00f3n de modelos biom\u00e9dicos, descripci\u00f3n de los filamentos m\u00e1s usados, repositorios e impresores en l\u00ednea con modelos 3D gratis y servicios de impresi\u00f3n a domicilio. Tambi\u00e9n enumera las principales configuraciones de las impresoras de modelado por deposici\u00f3n fundida (FDM), as\u00ed como las marcas y modelos m\u00e1s destacados. El libro incluye 33 pr\u00e1cticas paso a paso que resumen los contenidos descritos e inciden en los aspectos m\u00e1s importantes del dise\u00f1o, la verificaci\u00f3n de malla, el dise\u00f1o de soportes, el rebanado y la preparaci\u00f3n e impresi\u00f3n 3D. No espere a conseguir su ejemplar. Impresi\u00f3n 3D es el libro de referencia, el m\u00e1s vendido y el mejor valorado por los usuarios en lengua espa\u00f1ola en las redes sociales y las plataformas de venta online m\u00e1s importantes.<\/p>\n<h2>Lea antes de comprar:<\/h2>\n<p>Esta es una p\u00e1gina de referidos, usted compra directamente en Amazon, cualquier pregunta, env\u00edo, etc.. deber\u00e1 de consultar con la p\u00e1gina web de dicha empresa. Iniciativas3D solamente selecciona aquellas impresoras que mejor se adaptan a nuestros clientes<\/p>\n","protected":false},"featured_media":85,"comment_status":"open","ping_status":"closed","template":"","meta":[],"class_list":["post-84","product","type-product","status-publish","has-post-thumbnail","hentry","product_cat-impresion-3d","product_cat-libros","product_tag-bases","product_tag-impresion-3d","product_tag-iniciacion","product_tag-libros","product_tag-programacion"],"_links":{"self":[{"href":"https:\/\/www.iniciativas3d.com\/tienda-online\/wp-json\/wp\/v2\/product\/84","targetHints":{"allow":["GET"]}}],"collection":[{"href":"https:\/\/www.iniciativas3d.com\/tienda-online\/wp-json\/wp\/v2\/product"}],"about":[{"href":"https:\/\/www.iniciativas3d.com\/tienda-online\/wp-json\/wp\/v2\/types\/product"}],"replies":[{"embeddable":true,"href":"https:\/\/www.iniciativas3d.com\/tienda-online\/wp-json\/wp\/v2\/comments?post=84"}],"wp:featuredmedia":[{"embeddable":true,"href":"https:\/\/www.iniciativas3d.com\/tienda-online\/wp-json\/wp\/v2\/media\/85"}],"wp:attachment":[{"href":"https:\/\/www.iniciativas3d.com\/tienda-online\/wp-json\/wp\/v2\/media?parent=84"}],"curies":[{"name":"wp","href":"https:\/\/api.w.org\/{rel}","templated":true}]}}