{"id":49,"date":"2022-08-03T17:48:16","date_gmt":"2022-08-03T16:48:16","guid":{"rendered":"https:\/\/www.iniciativas3d.com\/tienda-online\/?post_type=product&#038;p=49"},"modified":"2023-07-11T13:33:56","modified_gmt":"2023-07-11T12:33:56","slug":"comprar-impresora-3d-sx1-al-mejor-precio","status":"publish","type":"product","link":"https:\/\/www.iniciativas3d.com\/tienda-online\/product\/comprar-impresora-3d-sx1-al-mejor-precio\/","title":{"rendered":"Comprar Impresora 3D SX1 de alta precisi\u00f3n al mejor precio"},"content":{"rendered":"<div class=\"a-section a-spacing-large pzr-features-containers\">\n<h5 class=\"a-spacing-small\">Especificaciones de producto<\/h5>\n<div class=\"a-row\">\n<div class=\"a-column a-span12 a-span-last\">\n<div class=\"a-expander-collapsed-height a-row a-expander-container a-expander-partial-collapse-container\" data-a-expander-name=\"psw_table_expander\" data-a-expander-collapsed-height=\"300\">\n<div class=\"a-expander-content a-expander-partial-collapse-content\" aria-expanded=\"false\">\n<table id=\"product-specification-table\" class=\"a-keyvalue\">\n<tbody>\n<tr>\n<th class=\"a-span4 a-text-right\">Color<\/th>\n<td>Black<\/td>\n<\/tr>\n<tr>\n<th class=\"a-span4 a-text-right\">Componentes incluidos<\/th>\n<td>Printer Base;X,Z Axis,Print head; Control Box;Filament Holder1;Filament Holder2;Power Supply;Screw Driver;Screws;PLA 10M(color random);TF card; Card reader;USB cable;Manual<\/td>\n<\/tr>\n<tr>\n<th class=\"a-span4 a-text-right\">EAN<\/th>\n<td>0768121016163<\/td>\n<\/tr>\n<tr>\n<th class=\"a-span4 a-text-right\">Material<\/th>\n<td>Pla<\/td>\n<\/tr>\n<tr>\n<th class=\"a-span4 a-text-right\">Nombre de la marca<\/th>\n<td>HZHNS<\/td>\n<\/tr>\n<tr>\n<th class=\"a-span4 a-text-right\">N\u00famero de art\u00edculos<\/th>\n<td>1<\/td>\n<\/tr>\n<tr>\n<th class=\"a-span4 a-text-right\">N\u00famero de modelo<\/th>\n<td>SX1<\/td>\n<\/tr>\n<tr>\n<th class=\"a-span4 a-text-right\">N\u00famero de pieza<\/th>\n<td>SX1<\/td>\n<\/tr>\n<tr>\n<th class=\"a-span4 a-text-right\">UPC<\/th>\n<td>768121016163<\/td>\n<\/tr>\n<\/tbody>\n<\/table>\n<\/div>\n<\/div>\n<\/div>\n<\/div>\n<\/div>\n","protected":false},"excerpt":{"rendered":"<h1>Impresora <span id=\"productTitle\" class=\"a-size-large product-title-word-break\">HZHNS Impresora 3D SX1<\/span><\/h1>\n<p><small>La impresora 3D a mejor precio con respecto a su calidad<\/small><\/p>\n<p><span class=\"a-list-item\">? <\/span><strong>[Extrusor de impresi\u00f3n de alta calidad]<\/strong> El uso de bloquillas para la impresora 3D profesionales y varillas de calentamiento de alta potencia, garantiza la mejor temperatura de impresi\u00f3n. Adem\u00e1s, la resoluci\u00f3n del nivel de la impresora es de hasta 0,05 mm, lo que garantiza la precisi\u00f3n del modelo impreso. Los ventiladores dobles proporcionan una mejor disipaci\u00f3n del calor.<\/p>\n<p><span class=\"a-list-item\">?\u3010<strong>Impresi\u00f3n silenciosa, menos de 60DB<\/strong>\u3011La cooperaci\u00f3n precisa de m\u00faltiples engranajes permite que la impresora funcione de forma m\u00e1s estable durante el proceso de impresi\u00f3n, y el cabezal de impresi\u00f3n se mueve f\u00e1cilmente para garantizar una velocidad de impresi\u00f3n estable (30-40 mm\/s) y la calidad. El ruido se reduce al m\u00ednimo. Adecuado para el hogar, la oficina y el laboratorio.<\/span><\/p>\n<p><span class=\"a-list-item\">?\u3010<strong>Utilizaci\u00f3n f\u00e1cil<\/strong>\u3011Es una de las impresoras 3D m\u00e1s f\u00e1ciles de utilizar. 4 botones pueden imprimir f\u00e1cilmente en 3D, lo que le permite iniciar, detener y controlar f\u00e1cilmente el proceso de impresi\u00f3n.<\/span><\/p>\n<p><span class=\"a-list-item\">?\u3010<strong>Montaje r\u00e1pido y estructura estable<\/strong>\u3011la impresora 3D SX1 consta de tres partes principales, que se pueden montar en varios pasos. Puedes divertirte para montar las piezas por s\u00ed mismo, los principiantes o los ni\u00f1os pueden completar f\u00e1cilmente el montaje.<\/span><\/p>\n<p><span class=\"a-list-item\">?\u3010<strong>Super Placa base<\/strong>\u3011la placa base de la impresora 3D es compatible con la cama caliente extendida y la pantalla en s\u00ed misma. La placa base tambi\u00e9n es compatible para actualizar tu impresora a una m\u00e1quina de grabado l\u00e1ser, que se puede utilizar con un cabezal de grabado l\u00e1ser para grabar letras o im\u00e1genes en una variedad de materiales. Con la pantalla t\u00e1ctil de bricolaje, puedes controlar la configuraci\u00f3n de impresi\u00f3n de forma m\u00e1s asequible. (Nota: no proporciona accesorios como cabezales de grabado l\u00e1ser)<\/span><\/p>\n<h2>Lea antes de comprar:<\/h2>\n<p>Esta es una p\u00e1gina de referidos, usted compra directamente en Amazon, cualquier pregunta, env\u00edo, etc.. deber\u00e1 de consultar con la p\u00e1gina web de dicha empresa. Iniciativas3D solamente selecciona aquellas impresoras que mejor se adaptan a nuestros clientes<\/p>\n","protected":false},"featured_media":50,"comment_status":"open","ping_status":"closed","template":"","meta":[],"class_list":["post-49","product","type-product","status-publish","has-post-thumbnail","hentry","product_cat-electronica","product_cat-impresoras-3d","product_tag-abs","product_tag-alta-precision","product_tag-impresora-3d","product_tag-pla","product_tag-silenciosa","product_tag-usb"],"_links":{"self":[{"href":"https:\/\/www.iniciativas3d.com\/tienda-online\/wp-json\/wp\/v2\/product\/49","targetHints":{"allow":["GET"]}}],"collection":[{"href":"https:\/\/www.iniciativas3d.com\/tienda-online\/wp-json\/wp\/v2\/product"}],"about":[{"href":"https:\/\/www.iniciativas3d.com\/tienda-online\/wp-json\/wp\/v2\/types\/product"}],"replies":[{"embeddable":true,"href":"https:\/\/www.iniciativas3d.com\/tienda-online\/wp-json\/wp\/v2\/comments?post=49"}],"wp:featuredmedia":[{"embeddable":true,"href":"https:\/\/www.iniciativas3d.com\/tienda-online\/wp-json\/wp\/v2\/media\/50"}],"wp:attachment":[{"href":"https:\/\/www.iniciativas3d.com\/tienda-online\/wp-json\/wp\/v2\/media?parent=49"}],"curies":[{"name":"wp","href":"https:\/\/api.w.org\/{rel}","templated":true}]}}