{"id":42,"date":"2022-08-03T17:21:21","date_gmt":"2022-08-03T16:21:21","guid":{"rendered":"https:\/\/www.iniciativas3d.com\/tienda-online\/?post_type=product&#038;p=42"},"modified":"2022-08-03T17:30:58","modified_gmt":"2022-08-03T16:30:58","slug":"comprar-impresora-3d-sunlu-s8-al-mejor-precio","status":"publish","type":"product","link":"https:\/\/www.iniciativas3d.com\/tienda-online\/product\/comprar-impresora-3d-sunlu-s8-al-mejor-precio\/","title":{"rendered":"Comprar Impresora 3D SUNLU S8 Pro FDM al mejor precio"},"content":{"rendered":"<div class=\"a-section a-spacing-large pzr-features-containers\">\n<h5 class=\"a-spacing-small\">Especificaciones de producto<\/h5>\n<div class=\"a-row\">\n<div class=\"a-column a-span12 a-span-last\">\n<div class=\"a-expander-collapsed-height a-row a-expander-container a-expander-partial-collapse-container\" data-a-expander-name=\"psw_table_expander\" data-a-expander-collapsed-height=\"300\">\n<div class=\"a-expander-content a-expander-partial-collapse-content\" aria-expanded=\"false\">\n<table class=\"a-bordered a-horizontal-stripes aplus-tech-spec-table\">\n<tbody>\n<tr>\n<td class=\"a-text-bold\">Tipo de impresi\u00f3n:<\/td>\n<td>FDM<\/td>\n<\/tr>\n<tr>\n<td class=\"a-text-bold\">Formato de impresi\u00f3n:<\/td>\n<td>310\u00d7310\u00d7400(mm)\/12x12x15(in)<\/td>\n<\/tr>\n<tr>\n<td class=\"a-text-bold\">Number of printheads:<\/td>\n<td>cabeza de impresi\u00f3n \u00fanica<\/td>\n<\/tr>\n<tr>\n<td class=\"a-text-bold\">Boquilla<\/td>\n<td>0,4 mm<\/td>\n<\/tr>\n<tr>\n<td class=\"a-text-bold\">Velocidad de impresi\u00f3n:<\/td>\n<td>20-100mm\/s (velocidad recomendada: 50mm\/s)<\/td>\n<\/tr>\n<tr>\n<td class=\"a-text-bold\">Filamentos Imprimibles:<\/td>\n<td>PLA de fibra de carbono, ABS, PETG, HIPS, MADERA, PLA de 1,75 mm<\/td>\n<\/tr>\n<tr>\n<td class=\"a-text-bold\">Maximum printing temperature<\/td>\n<td>260\u00b0<\/td>\n<\/tr>\n<tr>\n<td class=\"a-text-bold\">Heated bed temperature:<\/td>\n<td>0-100\u00b0<\/td>\n<\/tr>\n<\/tbody>\n<\/table>\n<\/div>\n<\/div>\n<\/div>\n<\/div>\n<\/div>\n<div class=\"a-section a-spacing-large pzr-features-containers\">\n<h5 class=\"a-spacing-small\">Especificaciones para esta familia de productos<\/h5>\n<div class=\"a-row\">\n<div class=\"a-column a-span12 a-span-last\">\n<div class=\"a-expander-collapsed-height a-row a-expander-container a-expander-partial-collapse-container\" data-a-expander-name=\"psw_table_expander\" data-a-expander-collapsed-height=\"300\">\n<div class=\"a-expander-content a-expander-partial-collapse-content\" aria-expanded=\"false\">\n<table class=\"a-bordered a-horizontal-stripes aplus-tech-spec-table\">\n<tbody>\n<tr>\n<td class=\"a-text-bold\">Software por il taglio:<\/td>\n<td>Cura<\/td>\n<\/tr>\n<tr>\n<td class=\"a-text-bold\">Input template file format:<\/td>\n<td>STL .OBJ .AMF<\/td>\n<\/tr>\n<tr>\n<td class=\"a-text-bold\">Output template file format<\/td>\n<td>Gcode<\/td>\n<\/tr>\n<tr>\n<td class=\"a-text-bold\">Soporte de impresi\u00f3n:<\/td>\n<td>TF-Karte, USB<\/td>\n<\/tr>\n<tr>\n<td class=\"a-text-bold\">Fuente de alimentaci\u00f3n:<\/td>\n<td>115V\/230V AC, 50\/60HZ<\/td>\n<\/tr>\n<tr>\n<td class=\"a-text-bold\">Dimensiones de la m\u00e1quina:<\/td>\n<td>600\u00d7490\u00d7640(mm)<\/td>\n<\/tr>\n<tr>\n<td class=\"a-text-bold\">Peso neto de la impresora:<\/td>\n<td>12KG<\/td>\n<\/tr>\n<\/tbody>\n<\/table>\n<\/div>\n<\/div>\n<\/div>\n<\/div>\n<\/div>\n","protected":false},"excerpt":{"rendered":"<h1>Impresora SUNLU S8 Pro FDM<\/h1>\n<p><small>La impresora 3D FDM a mejor precio con respecto a su calidad<\/small><\/p>\n<p><span class=\"a-list-item\">? <\/span><strong>[Placa de superficie de construcci\u00f3n magn\u00e9tica desmontable]<\/strong> Proporciona una protecci\u00f3n completa para la placa de impresi\u00f3n de su impresora 3D y mantiene una temperatura uniforme en toda la placa de impresi\u00f3n. Simplemente imprima en la superficie, retire la superficie magn\u00e9tica superior de la inferior, doble la superficie flexible y vea c\u00f3mo el modelo cae directamente en sus manos.<\/p>\n<p><span class=\"a-list-item\">?\u3010<strong>High Precision Dual Z-Axis Higher Printing Precision<\/strong>\u3011Con un dise\u00f1o de doble tornillo en el eje Z+ eje Z de doble motor, la impresora 3D S8 PRO trabaja de forma m\u00e1s suave y sincronizada para reducir la posibilidad de l\u00edneas y rebabas en los lados de su impresi\u00f3n, mejorando la calidad de impresi\u00f3n.<\/span><\/p>\n<p><span class=\"a-list-item\">?\u3010<strong>Double Protection No Fear of Risk<\/strong>\u3011S8 PRO FDM 3D printer tiene la funci\u00f3n de detectar la fuga de filamento o la rotura\/fallo de alimentaci\u00f3n y reanudar la impresi\u00f3n despu\u00e9s de la recuperaci\u00f3n. Al registrar con precisi\u00f3n los datos de impresi\u00f3n en el momento en que se produce un fallo de alimentaci\u00f3n o una fuga o rotura de filamento, ayuda a evitar la p\u00e9rdida de filamento y de tiempo debido a accidentes.<\/span><\/p>\n<p><span class=\"a-list-item\">?\u3010<strong>Quick Assembling<\/strong>\u3011 El 96% del cuerpo de la impresora est\u00e1 preensamblado, lo que hace que el montaje sea extremadamente conveniente con s\u00f3lo 6 pasos, y el mantenimiento de la impresora es simple y f\u00e1cil.No s\u00f3lo para el montaje r\u00e1pido para los usuarios experimentados, sino tambi\u00e9n para el uso amigable para los principiantes. Con un volumen de impresi\u00f3n de 310x310x400mm, puede imprimir modelos que el 90% de otras impresoras no pueden.<\/span><\/p>\n<p><span class=\"a-list-item\">?\u3010<strong>Informaci\u00f3n adicional<\/strong>\u3011\u2460 El marco met\u00e1lico r\u00edgido puede minimizar las sacudidas para mejorar la calidad de la impresi\u00f3n; \u2461 La nueva placa base silenciosa de 32 bits funciona con una pege de bajos decibelios; \u2462 Nuevo tensor de inyecci\u00f3n El tensor del eje X soporta el ajuste de la tensi\u00f3n de la correa de una manera r\u00e1pida y m\u00e1s conveniente;\u2463 SUNLU impresora 3D con soporte t\u00e9cnico de por vida y 24 horas de servicio al cliente profesional.<\/span><\/p>\n<h2>Lea antes de comprar:<\/h2>\n<p><span>Esta es una p\u00e1gina de referidos, usted compra directamente en Amazon, cualquier pregunta, env\u00edo, etc.. deber\u00e1 de consultar con la p\u00e1gina web de dicha empresa. Iniciativas3D solamente selecciona aquellas impresoras que mejor se adaptan a nuestros clientes<\/span><\/p>\n","protected":false},"featured_media":43,"comment_status":"open","ping_status":"closed","template":"","meta":[],"class_list":["post-42","product","type-product","status-publish","has-post-thumbnail","hentry","product_cat-electronica","product_cat-impresoras-3d","product_tag-abs","product_tag-impresora-3d","product_tag-pla","product_tag-usb"],"_links":{"self":[{"href":"https:\/\/www.iniciativas3d.com\/tienda-online\/wp-json\/wp\/v2\/product\/42","targetHints":{"allow":["GET"]}}],"collection":[{"href":"https:\/\/www.iniciativas3d.com\/tienda-online\/wp-json\/wp\/v2\/product"}],"about":[{"href":"https:\/\/www.iniciativas3d.com\/tienda-online\/wp-json\/wp\/v2\/types\/product"}],"replies":[{"embeddable":true,"href":"https:\/\/www.iniciativas3d.com\/tienda-online\/wp-json\/wp\/v2\/comments?post=42"}],"wp:featuredmedia":[{"embeddable":true,"href":"https:\/\/www.iniciativas3d.com\/tienda-online\/wp-json\/wp\/v2\/media\/43"}],"wp:attachment":[{"href":"https:\/\/www.iniciativas3d.com\/tienda-online\/wp-json\/wp\/v2\/media?parent=42"}],"curies":[{"name":"wp","href":"https:\/\/api.w.org\/{rel}","templated":true}]}}