{"id":131,"date":"2022-12-06T19:09:49","date_gmt":"2022-12-06T18:09:49","guid":{"rendered":"https:\/\/www.iniciativas3d.com\/tienda-online\/?post_type=product&#038;p=131"},"modified":"2023-07-11T13:22:07","modified_gmt":"2023-07-11T12:22:07","slug":"comprar-resina-para-impresora-3d-al-mejor-precio","status":"publish","type":"product","link":"https:\/\/www.iniciativas3d.com\/tienda-online\/product\/comprar-resina-para-impresora-3d-al-mejor-precio\/","title":{"rendered":"Comprar Resina para impresora 3D al mejor precio"},"content":{"rendered":"<div class=\"a-section a-spacing-large pzr-features-containers\">\n<h5 class=\"a-spacing-small\">Especificaciones de producto<\/h5>\n<div class=\"a-row\">\n<div class=\"a-column a-span12 a-span-last\">\n<div class=\"a-expander-collapsed-height a-row a-expander-container a-expander-partial-collapse-container\" data-a-expander-name=\"psw_table_expander\" data-a-expander-collapsed-height=\"300\">\n<div class=\"a-expander-content a-expander-partial-collapse-content\" aria-expanded=\"false\">\n<table id=\"product-specification-table\" class=\"a-keyvalue\">\n<tbody>\n<tr>\n<th class=\"a-span4 a-text-right\">Color<\/th>\n<td>Varios colores<\/td>\n<\/tr>\n<tr>\n<th class=\"a-span4 a-text-right\">N\u00famero de pieza<\/th>\n<td>ES-GYE-3D-042<\/td>\n<\/tr>\n<tr>\n<th class=\"a-span4 a-text-right\">Talla<\/th>\n<td>500g &#8211; 1000g<\/td>\n<\/tr>\n<tr>\n<th class=\"a-span4 a-text-right\">Dimensiones del paquete<\/th>\n<td>23.8 x 10.2 x 10 cm; 700 gramos<\/td>\n<\/tr>\n<\/tbody>\n<\/table>\n<\/div>\n<\/div>\n<\/div>\n<\/div>\n<\/div>\n<div class=\"a-section a-spacing-large pzr-features-containers\">\n<h5 class=\"a-spacing-small\">Especificaciones para esta familia de productos<\/h5>\n<div class=\"a-row\">\n<div class=\"a-column a-span12 a-span-last\">\n<div class=\"a-expander-collapsed-height a-row a-expander-container a-expander-partial-collapse-container\" data-a-expander-name=\"psw_table_expander\" data-a-expander-collapsed-height=\"300\">\n<div class=\"a-expander-content a-expander-partial-collapse-content\" aria-expanded=\"false\">\n<table id=\"product-specification-table\" class=\"a-keyvalue\">\n<tbody>\n<tr>\n<th class=\"a-span4 a-text-right\">Nombre de la marca<\/th>\n<td>ELEGOO<\/td>\n<\/tr>\n<tr>\n<th class=\"a-span4 a-text-right\">N\u00famero de art\u00edculos<\/th>\n<td>1<\/td>\n<\/tr>\n<tr>\n<th class=\"a-span4 a-text-right\">N\u00famero de pieza<\/th>\n<td>Standard 3D Resin<\/td>\n<\/tr>\n<\/tbody>\n<\/table>\n<\/div>\n<\/div>\n<\/div>\n<\/div>\n<\/div>\n","protected":false},"excerpt":{"rendered":"<h1 id=\"title\" class=\"a-size-large a-spacing-none\"><span id=\"productTitle\" class=\"a-size-large product-title-word-break\">ELEGOO LCD UV 405nm 3D Resina R\u00e1pida para LCD Impresora 3D 500g Fotopol\u00edmero Resina\u00a0<\/span><\/h1>\n<ul class=\"a-unordered-list a-vertical a-spacing-mini\">\n<li><span class=\"a-list-item\">\u3010<strong>Bajo encogimiento y alta precisi\u00f3n<\/strong>\u3011 La resina de fotopol\u00edmero ELEGOO contiene mon\u00f3meros de metacrilato para reducir la contracci\u00f3n del volumen durante el proceso de fotocurado, lo que garantiza la alta precisi\u00f3n del modelo de impresi\u00f3n con acabado liso. Par\u00e1metros de impresi\u00f3n recomendados: Exposici\u00f3n inferior: 60s; Exposici\u00f3n normal: 8s<\/span><\/li>\n<li><span class=\"a-list-item\">\u3010<strong>Curado r\u00e1pido y gran estabilidad<\/strong>\u3011 ELEGOO 405nm Rapid Resin fue dise\u00f1ado para reducir significativamente el tiempo de impresi\u00f3n con su excelente fluidez. Mientras tanto, su gran estabilidad y dureza adecuada garantizan una experiencia de impresi\u00f3n sin preocupaciones.<\/span><\/li>\n<li><span class=\"a-list-item\">\u3010<strong>Colores brillantes e impactantes<\/strong>\u3011Con pigmentos de alta calidad e iniciadores de la foto dentro de la resina de curado UV ELEGOO, los modelos impresos con resina tienen un efecto de color muy puro e impresionante al igual que una obra de arte.<\/span><\/li>\n<li><span class=\"a-list-item\">\u3010<strong>Aplicaciones amplias<\/strong>\u3011 Al ofrecer las mejores prestaciones, la resina est\u00e1ndar ELEGOO es adecuada para la mayor\u00eda de las impresoras DLP o LCD 3D para prototipos r\u00e1pidos con juguetes, herramientas para el hogar y el jard\u00edn o aplicaciones de joyer\u00eda.<\/span><\/li>\n<li><span class=\"a-list-item\">\u3010<strong>Embalaje seguro y protegido<\/strong>\u3011Botella a prueba de fugas completamente envuelta con una bolsa pl\u00e1stica de burbujas y una caja de embalaje exquisitamente dise\u00f1ada para asegurar que la resina permanezca en su lugar donde pertenecen<\/span><\/li>\n<\/ul>\n<h2>Lea antes de comprar:<\/h2>\n<p>Esta es una p\u00e1gina de referidos, usted compra directamente en Amazon, cualquier pregunta, env\u00edo, etc.. deber\u00e1 de consultar con la p\u00e1gina web de dicha empresa. Iniciativas3D solamente selecciona aquellas impresoras que mejor se adaptan a nuestros clientes<\/p>\n","protected":false},"featured_media":132,"comment_status":"open","ping_status":"closed","template":"","meta":[],"class_list":["post-131","product","type-product","status-publish","has-post-thumbnail","hentry","product_cat-resina","product_tag-fotopolimero","product_tag-lcd-uv","product_tag-resina"],"_links":{"self":[{"href":"https:\/\/www.iniciativas3d.com\/tienda-online\/wp-json\/wp\/v2\/product\/131","targetHints":{"allow":["GET"]}}],"collection":[{"href":"https:\/\/www.iniciativas3d.com\/tienda-online\/wp-json\/wp\/v2\/product"}],"about":[{"href":"https:\/\/www.iniciativas3d.com\/tienda-online\/wp-json\/wp\/v2\/types\/product"}],"replies":[{"embeddable":true,"href":"https:\/\/www.iniciativas3d.com\/tienda-online\/wp-json\/wp\/v2\/comments?post=131"}],"wp:featuredmedia":[{"embeddable":true,"href":"https:\/\/www.iniciativas3d.com\/tienda-online\/wp-json\/wp\/v2\/media\/132"}],"wp:attachment":[{"href":"https:\/\/www.iniciativas3d.com\/tienda-online\/wp-json\/wp\/v2\/media?parent=131"}],"curies":[{"name":"wp","href":"https:\/\/api.w.org\/{rel}","templated":true}]}}