{"id":125,"date":"2022-08-05T12:38:47","date_gmt":"2022-08-05T11:38:47","guid":{"rendered":"https:\/\/www.iniciativas3d.com\/tienda-online\/?post_type=product&#038;p=125"},"modified":"2022-08-05T12:43:21","modified_gmt":"2022-08-05T11:43:21","slug":"comprar-wonder-workshop-da01-robot-educativo-para-ninos-al-mejor-precio","status":"publish","type":"product","link":"https:\/\/www.iniciativas3d.com\/tienda-online\/product\/comprar-wonder-workshop-da01-robot-educativo-para-ninos-al-mejor-precio\/","title":{"rendered":"Comprar wonder workshop-da01 robot inteligente educativo para ni\u00f1os al mejor precio"},"content":{"rendered":"<p>Dimensiones del producto\u200e: 18.21 x 16.99 x 16.1 cm; 1.36 kilogramos<\/p>\n<p>Pilas\u200e: 1 Litio Ion necesaria(s), incluida(s)<\/p>\n<p>Edad recomendada por el fabricante: 5 a\u00f1os y m\u00e1s<\/p>\n<p>Peso m\u00e1ximo recomendado por el fabricante: \u200e0.79 Kilogramos<\/p>\n<p>Valor educativo\u200e: Descubir y experimentar<\/p>\n<p>Idioma: \u200eIngl\u00e9s<\/p>\n<p>N\u00famero de modelo\u200e: DA03<\/p>\n<p>N\u00famero de piezas: 1<\/p>\n<p>Montaje necesario\u200e: No<\/p>\n<p>Necesita bater\u00edas: S\u00ed<\/p>\n<p>Incluye bater\u00edas\u200e: S\u00ed<\/p>\n<p>Tipo(s) de material: \u200ePl\u00e1stico<\/p>\n<p>material_composition\u200e: Pl\u00e1stico 90%<\/p>\n<p>\u00bfMando a distancia incluido? \u200eNo<\/p>\n<p>N\u00famero de canales: \u200e1<\/p>\n<p>Color: \u200eAzul<\/p>\n<p>Peso del producto\u200e:1.36 kg<\/p>\n<p>&nbsp;<\/p>\n","protected":false},"excerpt":{"rendered":"<div id=\"title_feature_div\" class=\"celwidget\" data-feature-name=\"title\" data-csa-c-id=\"4j78t7-kffqmb-bbdp0i-5l1ey2\">\n<div id=\"titleSection\" class=\"a-section a-spacing-none\">\n<h1 id=\"title\" class=\"a-size-large a-spacing-none\"><span id=\"productTitle\" class=\"a-size-large product-title-word-break\">Wonder Workshop-Da01 Robots Inteligentes para Ni\u00f1os, juguete, Color azul (1-DA03-11) &#8211; 0857793005008<\/span><span id=\"titleEDPPlaceHolder\"><\/span><\/h1>\n<\/div>\n<\/div>\n<div id=\"bylineInfo_feature_div\" class=\"celwidget\" data-feature-name=\"bylineInfo\" data-csa-c-id=\"nlouaq-42vvfo-tnyil8-l324io\"><\/div>\n<ul class=\"a-unordered-list a-vertical a-spacing-mini\">\n<li><span class=\"a-list-item\">Dash es un aut\u00e9ntico robot para ni\u00f1os de 6 a\u00f1os o m\u00e1s que responde a su entorno; tu hijo podr\u00e1 darle vida con nuestras aplicaciones gratuitas disponibles para iOS y Android con emocionantes aventuras de programaci\u00f3n<\/span><\/li>\n<li><span class=\"a-list-item\">Usa tu Smartphone o tableta Apple o Android para programar a Dash para moverse, bailar, iluminarse, hacer sonidos, evitar obst\u00e1culos e incluso reaccionar ante la voz. Con la aplicaci\u00f3n Wonder los ni\u00f1os pueden programar a Dash<\/span><\/li>\n<li><span class=\"a-list-item\">\u00a1No se necesitan instrucciones! \u00a1Nuestras aplicaciones Wonder y Blocky cuentan con tutoriales integrados que te ense\u00f1ar\u00e1n a programar desde el principio! Dash ahora tambi\u00e9n en espa\u00f1ol. Ver la Gu\u00eda de Usuario en la Informaci\u00f3n de Producto para conocer la compatibilidad requerida<\/span><\/li>\n<li><span class=\"a-list-item\">Viene completamente montado, no necesita pilas. Incluye un cable de carga USB y dos Extensiones de Ladrillos Creativos para poder jugar adem\u00e1s con LEGO y ladrillos LEGO Technic compatibles<\/span><\/li>\n<li><span class=\"a-list-item\">Galardones: 2015 National Parenting Gold, Time to Play Magazine 2015 Holiday Most Wanted List, Opening Minds Innovation for Schools, ISTE Best of Show for Schools<\/span><\/li>\n<\/ul>\n<h2>Lea antes de comprar:<\/h2>\n<p>Esta es una p\u00e1gina de referidos, usted compra directamente en Amazon, cualquier pregunta, env\u00edo, etc.. deber\u00e1 de consultar con la p\u00e1gina web de dicha empresa. Iniciativas3D solamente selecciona aquellas impresoras que mejor se adaptan a nuestros clientes<\/p>\n","protected":false},"featured_media":126,"comment_status":"open","ping_status":"closed","template":"","meta":[],"class_list":["post-125","product","type-product","status-publish","has-post-thumbnail","hentry","product_cat-padres-e-hijos","product_cat-robotica","product_tag-educacion","product_tag-para-ninos","product_tag-robot","product_tag-robot-interactivo","product_tag-robotica","product_tag-stem"],"_links":{"self":[{"href":"https:\/\/www.iniciativas3d.com\/tienda-online\/wp-json\/wp\/v2\/product\/125","targetHints":{"allow":["GET"]}}],"collection":[{"href":"https:\/\/www.iniciativas3d.com\/tienda-online\/wp-json\/wp\/v2\/product"}],"about":[{"href":"https:\/\/www.iniciativas3d.com\/tienda-online\/wp-json\/wp\/v2\/types\/product"}],"replies":[{"embeddable":true,"href":"https:\/\/www.iniciativas3d.com\/tienda-online\/wp-json\/wp\/v2\/comments?post=125"}],"wp:featuredmedia":[{"embeddable":true,"href":"https:\/\/www.iniciativas3d.com\/tienda-online\/wp-json\/wp\/v2\/media\/126"}],"wp:attachment":[{"href":"https:\/\/www.iniciativas3d.com\/tienda-online\/wp-json\/wp\/v2\/media?parent=125"}],"curies":[{"name":"wp","href":"https:\/\/api.w.org\/{rel}","templated":true}]}}