{"id":102,"date":"2022-08-05T11:56:06","date_gmt":"2022-08-05T10:56:06","guid":{"rendered":"https:\/\/www.iniciativas3d.com\/tienda-online\/?post_type=product&#038;p=102"},"modified":"2025-08-16T15:46:54","modified_gmt":"2025-08-16T14:46:54","slug":"comprar-filamento-pla-para-lapiz-de-impresora-3d-al-mejor-precio-copia","status":"publish","type":"product","link":"https:\/\/www.iniciativas3d.com\/tienda-online\/product\/comprar-filamento-pla-para-lapiz-de-impresora-3d-al-mejor-precio-copia\/","title":{"rendered":"Comprar Filamento PLA para l\u00e1piz impresora 3D al mejor precio"},"content":{"rendered":"<table id=\"productDetails_techSpec_section_1\" class=\"a-keyvalue prodDetTable\" role=\"presentation\">\n<tbody>\n<tr>\n<th class=\"a-color-secondary a-size-base prodDetSectionEntry\">Fabricante<\/th>\n<td class=\"a-size-base prodDetAttrValue\">\u200eGeneral<\/td>\n<\/tr>\n<tr>\n<th class=\"a-color-secondary a-size-base prodDetSectionEntry\">Marca<\/th>\n<td class=\"a-size-base prodDetAttrValue\">\u200eSECURITY TOYS<\/td>\n<\/tr>\n<tr>\n<th class=\"a-color-secondary a-size-base prodDetSectionEntry\">Tipo de material<\/th>\n<td class=\"a-size-base prodDetAttrValue\">\u200e\u00c1cido polil\u00e1ctico<\/td>\n<\/tr>\n<tr>\n<th class=\"a-color-secondary a-size-base prodDetSectionEntry\">N\u00famero de pieza del fabricante<\/th>\n<td class=\"a-size-base prodDetAttrValue\">\u200e899<\/td>\n<\/tr>\n<\/tbody>\n<\/table>\n","protected":false},"excerpt":{"rendered":"<h1 id=\"title\" class=\"a-size-large a-spacing-none\"><span id=\"productTitle\" class=\"a-size-large product-title-word-break\">Filamento Pla para Pluma 3D \u2013 Recambios para L\u00e1piz 3d con 20 Colores (5 metros por color) \u2013 Filamentos PLA para Bol\u00edgrafo 3D + Plantillas de Impresi\u00f3n Digitales.<\/span><\/h1>\n<ul class=\"a-unordered-list a-vertical a-spacing-mini\">\n<li><span class=\"a-list-item\">DIBUJA LAS FIGURAS QUE M\u00c1S TE GUSTEN EN 3D ! ? Para los apasionados por el dise\u00f1o gr\u00e1fico, con este set de 20 colores, puedes dibujar tus figuras favoritas en 3D. LAS PLANTILLAS QUE OFRECEMOS SON DE FORMA DIGITAL, POR FAVOR PIDALAS EN SU COMPRA<\/span><\/li>\n<li><span class=\"a-list-item\">VARIEDAD DE 20 COLORES PARA CREAR TODO TIPO DE DIBUJOS !? Con la variedad de colores se puede crean much\u00edsimas figuras en 3D. LAS PLANTILLAS QUE OFRECEMOS SON EN FORMATO DIGITAL, POR FAVOR ESCRIBANOS Y LAS ENVIAREMOS<\/span><\/li>\n<li><span class=\"a-list-item\">MATERIAL SEGURO ! ? Nuestro filamento es material de calidad. Es ecol\u00f3gico y m\u00e1s seguro en comparaci\u00f3n al ABS. Lo pueden utilizar los ni\u00f1os sin ning\u00fan problema. Es un producto no t\u00f3xico. LAS PLANTILLAS QUE OFRECEMOS SON EN FORMATO DIGITAL, POR FAVOR ESCRIBANOS Y LAS ENVIAREMOS<\/span><\/li>\n<li><span class=\"a-list-item\">COMPATIBLE CON LA MAYORIA DE BOL\u00cdGRAFOS 3D !? El filamento PLA con un di\u00e1metro de 1,75mm lo podr\u00e1s utilizar con la mayor\u00eda de lo bol\u00edgrafos. La temperatura ideal es de 190\u00ba.<\/span><\/li>\n<li><span class=\"a-list-item\">BUEN REGALO PARA UN NI\u00d1O !? Este set es un excelente regalo para los ni\u00f1os para mejorar la imaginaci\u00f3n y las habilidades art\u00edsticas. Adem\u00e1s, una gran manera de que los ni\u00f1os pasen tiempo con sus padres, hermanos o dem\u00e1s familia.<\/span><\/li>\n<\/ul>\n<h2>Lea antes de comprar:<\/h2>\n<p>Esta es una p\u00e1gina de referidos, usted compra directamente en Amazon, cualquier pregunta, env\u00edo, etc.. deber\u00e1 de consultar con la p\u00e1gina web de dicha empresa. Iniciativas3D solamente selecciona aquellas impresoras que mejor se adaptan a nuestros clientes<\/p>\n","protected":false},"featured_media":103,"comment_status":"open","ping_status":"closed","template":"","meta":[],"class_list":["post-102","product","type-product","status-publish","has-post-thumbnail","hentry","product_cat-filamentos","product_cat-lapiz-impresion-3d","product_cat-para-ninos","product_tag-filamento","product_tag-impresion-3d","product_tag-lapiz-impresion-3d","product_tag-para-ninos","product_tag-pla"],"_links":{"self":[{"href":"https:\/\/www.iniciativas3d.com\/tienda-online\/wp-json\/wp\/v2\/product\/102","targetHints":{"allow":["GET"]}}],"collection":[{"href":"https:\/\/www.iniciativas3d.com\/tienda-online\/wp-json\/wp\/v2\/product"}],"about":[{"href":"https:\/\/www.iniciativas3d.com\/tienda-online\/wp-json\/wp\/v2\/types\/product"}],"replies":[{"embeddable":true,"href":"https:\/\/www.iniciativas3d.com\/tienda-online\/wp-json\/wp\/v2\/comments?post=102"}],"wp:featuredmedia":[{"embeddable":true,"href":"https:\/\/www.iniciativas3d.com\/tienda-online\/wp-json\/wp\/v2\/media\/103"}],"wp:attachment":[{"href":"https:\/\/www.iniciativas3d.com\/tienda-online\/wp-json\/wp\/v2\/media?parent=102"}],"curies":[{"name":"wp","href":"https:\/\/api.w.org\/{rel}","templated":true}]}}